
11, 79
Suppose 46*v - t = 43*v + 27663, -2*v = -2*t - 18446. What are the prime factors of v?
2, 5, 461
Let v = 577 - 583. List the prime factors of (2 - -131)/(v/(-18)).
3, 7, 19
Let c(v) = 13*v**2 + 19*v. Let r be c(8). Suppose -r = -22*s + 14*s. What are the prime factors of s?
3, 41
Let o be 9/6*-2*92/(-6). Let s(w) = -22*w + 4. Let m be s(-3). Suppose m + o = 4*q. List the prime factors of q.
29
Let a = 18 - 16. Suppose -8*k = a*k + 970. List the prime factors of (k + -8)*1/(-3).
5, 7
Let o(f) = -31*f**3 - 16*f**2 + 103*f + 1132. What are the prime factors of o(-12)?
2, 5, 1279
Let g(q) = 21*q + 330. Let v be g(-18). What are the prime factors of ((-32)/v*-1033)/(1/(-3))?
2, 1033
Let c(f) = 34 - 71 + 36 - f - 68*f**3. Let a be c(-1). Suppose -2*i + 5*i = -x + a, 5*x - i - 324 = 0. What are the prime factors of x?
5, 13
Let t = 3 - -1. Suppose -4*k + 76 + 624 = 4*x, t*k - x = 690. List the prime factors of 0 - (k/(-9) + (-6)/(-27)).
19
Suppose 0*j = 39*j - 199602. Suppose -6*o - 528 + j = 0. List the prime factors of o.
3, 5, 17
Suppose -5*v + 2 = 177. Let i = -31 - v. Suppose 3*t - 6*p = -11*p + 244, 0 = 5*t - i*p - 456. What are the prime factors of t?
2, 11
Suppose 27*y - 50209 = 4*y. List the prime factors of y.
37, 59
Let x(y) = 3*y - 27. Let a be x(9). Suppose a = -2*n - p + 281, 0 = 2*p + 2. List the prime factors of (n/9)/(1/6).
2, 47
Let r(x) = 6*x - 9*x - 5 + 0 + 4*x. Let b be r(5). Suppose -5*t = 3*u - b*u - 208, -3*u = -t - 196. List the prime factors of u.
2, 3, 11
Suppose 28 = 4*d, 4*y - 48377 - 81914 = 3*d. List the prime factors of y.
2, 7, 13, 179
Let v(b) = b**2 - 5*b - 10. Let a be v(7). Suppose 10*k = a*k + 4602. Suppose 0*l - 4*l - o = -k, 2*o - 958 = -5*l. List the prime factors of l.
2, 3
Let d(h) = 24*h**2 + h + 6. Let s be d(-2). Suppose 2*u - 80 = s. List the prime factors of u.
2, 3, 5
Let c be 45/(-9)*2/(-5). Let h(g) = 54*g + 3 + 6 - 35*g + 3 + 3*g**c. List the prime factors of h(-7).
2, 13
What are the prime factors of 17/((-119)/63) - -278?
269
Let r be 39/18 + 4/(12*-2). Suppose 2*b - 355 = -g, r*b + 1410 = g + 3*g. What are the prime factors of g?
353
Let o(n) = -5*n**3 - 6*n**2 + n + 13. Let w(x) = -6*x**3 - 7*x**2 + x + 15. Let m(i) = -5*o(i) + 4*w(i). List the prime factors of m(5).
3, 5, 11
Suppose 20465 = a + 4*p, 4*p - 21572 = -3*a + 39807. List the prime factors of a.
3, 2273
Suppose 0 = 27*u + 408077 - 1074059. What are the prime factors of u?
2, 3, 4111
Suppose 4*r - 65742 = f, -4*r + 29718 = -2*f - 36022. List the prime factors of r.
2, 7, 587
Suppose 3*p - 288 = -2*t + 5*t, 0 = 4*p + 2*t - 354. Let c be 48 - 0/((-28)/(-7)). List the prime factors of (p/(-39))/((-2)/c).
2, 7
Suppose 53*u = 5*k + 48*u - 116985, 0 = 5*k - 2*u - 116976. List the prime factors of k.
2, 3, 7, 557
Suppose 4*f + 3*p = 234612, -f + 5*p + 88319 = 29689. List the prime factors of f.
2, 3, 5, 17, 23
Let c(z) = 16*z**2 - 76*z - 8 + 76*z. Let p be c(3). Suppose -p = 5*o - 7*o. What are the prime factors of o?
2, 17
List the prime factors of 2420766/396 + 4/(-88).
6113
Let r(b) = 3*b - 47. Let y be r(16). Suppose -26 = 5*h - y. What are the prime factors of (-1)/(h/705 - 0)?
3, 47
Let u = 50446 + -27182. List the prime factors of u.
2, 727
Let j(t) = -t**2 + 18*t - 28. Let r be j(16). What are the prime factors of ((-129)/r)/((-27)/396)?
11, 43
List the prime factors of 1234/8 - 7/28.
2, 7, 11
Let f(g) = -171*g**3 - 4*g**2 + 6*g**2 + 1 - 4*g**2 + 38*g**3. Suppose -5 = 3*a - 2. List the prime factors of f(a).
2, 3, 11
Let w(q) = q**3 + 16*q**2 - 15*q - 3. Suppose 102 = -6*u + 24. Let t be w(u). Suppose -285 - t = -6*f. What are the prime factors of f?
2, 41
Suppose -2*y - 477 = -5*l, 21 = 4*y + 5. Let t = 508 - l. What are the prime factors of t?
3, 137
Suppose 8*s = 19736 + 7944. What are the prime factors of s?
2, 5, 173
Let z(j) = 101*j - 113. Let u be z(11). Let w = u - 550. What are the prime factors of w?
2, 7
Suppose -50 = -2*u + n, -u = -5*n - 29 - 5. Let l be (16/u)/((-4)/(-2778)). Suppose -3*o = -l - 47. What are the prime factors of o?
2, 5, 17
Suppose -8*d - 33880 = -16*d. Suppose -171*g + 178*g = d. What are the prime factors of g?
5, 11
Suppose 23 - 8 = -4*r - 3*c, -5*r - 18 = 4*c. List the prime factors of (-9 - -117)*(-20)/r.
2, 3, 5
Let c(g) = g + 3. Let z be c(0). Let f(o) = o**3 - 9*o**2 - 7*o - 38. Let q be f(10). List the prime factors of z + q/(-4) + 223.
2, 3, 19
Let t(f) = -4*f**3 + 93*f**2 + 16*f - 93. What are the prime factors of t(22)?
3, 19, 47
Let k = 21 - 786. Let a = -382 - k. List the prime factors of a.
383
Suppose 274*o - 7813824 = 82*o. List the prime factors of o.
40697
Suppose -3*u + 10404 = 4*c, -18*u + 23*u = 5*c + 17410. What are the prime factors of u?
2, 11, 79
Let c(w) = -w**3 + 43*w**2 - 88*w + 1921. List the prime factors of c(32).
10369
Let l(m) = -236*m**3 + m**2 + 2*m + 4. Let r be l(-2). Let a = r - -116. What are the prime factors of a?
2, 251
Suppose -4*a = -2*d - 0*d - 8, 3*d + 12 = 0. Suppose a = k - 5*x - 46, 4*x + 31 = k - 14. List the prime factors of k.
41
Let y = 320 + -317. Suppose 3*b - 2*b - 563 = -2*u, 3*u - y*b = 840. What are the prime factors of u?
281
Let w(t) = 1662*t - 19. Let b be w(3). Suppose 5*r = -4*i + b, -2*r - i + 4*i = -1973. List the prime factors of r.
991
Suppose 277*d + 7728 = 284*d. Let q = -296 + d. List the prime factors of q.
2, 101
Suppose -3*q - j + 25 = 27, 5*q + 14 = j. Let l(m) = -105*m + 4. List the prime factors of l(q).
2, 107
Let o = -17 + 20. Suppose 0 = 5*m + o*x - 6, -5*m = -m - 5*x - 27. Suppose -33 = 7*f - 9*f - 5*q, -3*q + m = 0. List the prime factors of f.
2, 7
Let d = 106 + -53. Suppose d - 11 = 6*y. Suppose 0 = -4*m - 4*c + 308, y*c - 11*c = -3*m + 238. What are the prime factors of m?
2, 3, 13
Let k(p) be the third derivative of 26*p**2 + 11/6*p**4 + 0 - 1/6*p**3 + 0*p. What are the prime factors of k(3)?
131
Suppose 3*z + 2*n - 17 = 0, 22 = 4*z - 0*n + 2*n. Suppose 1702 - 517 = -z*t. Let g = 451 + t. What are the prime factors of g?
2, 107
Let o(x) = -2*x**3 - x**2 + 1. Let b be o(-1). Let f be (b/(-4) - 4/(-2))*-182. Let a = -151 - f. List the prime factors of a.
2, 61
Let g(c) = -20*c - 98. Let a be g(-5). Suppose -x = 3*q - 1591, -2*x + 3*x = a*q + 1591. List the prime factors of x.
37, 43
Let c = 16648 - 8860. What are the prime factors of c?
2, 3, 11, 59
Suppose -3*q - 4 = -5*q. Suppose -115 = -2*v - 5*z, q*z + 0*z - 10 = 0. Suppose 77 = 2*h - v. List the prime factors of h.
61
Suppose 5*n = -80 - 265. List the prime factors of (3 - 27/12)*(-13 - n).
2, 3, 7
Let z(i) = -i**2 - 10*i + 17. Let c be z(-11). Suppose 2*x - 5*a = -c*a + 1601, -3*a + 813 = x. What are the prime factors of x?
2, 3, 7, 19
Suppose 6*q = -2*q - 104. Let z(t) be the first derivative of -5*t**2 + 14*t + 29. List the prime factors of z(q).
2, 3
Let l(c) = -134*c - 1724. Let u be l(-13). Let y(p) = p**2 + p - 3. Let g be y(-3). Suppose -g*s + u = -s. List the prime factors of s.
3
Suppose w = -w - 10, 5*f - 60 = 5*w. Suppose f*p - 4*p - 48 = 0. Suppose o = 3*b + 45, o - 29 = 4*b + p. List the prime factors of o.
3, 5
Let s = 24440 + 16580. What are the prime factors of s?
2, 5, 7, 293
Suppose -2*q = k - 16, -7*k - 3*q = -2*k - 45. Suppose -18*y = -k*y - 996. What are the prime factors of y?
83
Suppose 49*l - 59*l = -37229 - 58791. What are the prime factors of l?
2, 4801
Let s be (-6 + (20 - 7))/(2/46). Let u = s + -38. List the prime factors of u.
3, 41
Suppose 5*r - 2*q - 30 = 0, 2*q = -2*r - 2 - 0. Suppose -5*d + 2*z - 417 = 0, -2*d + 5*z - 113 - 37 = 0. Let m = r - d. List the prime factors of m.
89
Suppose -18*k - 575190 = 15*k. What are the prime factors of ((8/(-5))/(-2))/((-12)/k)?
2, 7, 83
Suppose -a - 2*g + 3 = 0, -a - 4*g - 5 = -2. Suppose -p = -4*n - 78, 0*n = 4*p - n - 357. Let y = a + p. What are the prime factors of y?
3, 11
Let z(d) = 46*d**3 - 14*d**2 + 64*d + 35. What are the prime factors of z(7)?
5, 7, 89
Let f(x) = 586*x - 793. List the prime factors of f(22).
3, 37, 109
Let o be ((-3)/2)/(-2*(-1)/(-4)). Suppose -o*y + 29 = 53. What are the prime factors of y/(-28) - (-3642)/42?
3, 29
Suppose -3*v + 5*i + 285 = 0, -175*v + 178*v - 255 = -5*i. What are the prime factors of v?
2, 3, 5
Suppose 4*j = j + 6, 4*z + 2*j + 14684 = 